 hundred thousands digit of 179090259?
0
What is the thousands digit of 45617905?
7
What is the ten thousands digit of 79013479?
1
What is the ten thousands digit of 72009766?
0
What is the ten millions digit of 2670293961?
7
What is the units digit of 472364283?
3
What is the units digit of 5955293152?
2
What is the billions digit of 4255735353?
4
What is the ten millions digit of 790808316?
9
What is the ten millions digit of 204079282?
0
What is the tens digit of 245119724?
2
What is the millions digit of 238925038?
8
What is the hundreds digit of 306267346?
3
What is the tens digit of 1033070475?
7
What is the ten thousands digit of 6613351885?
5
What is the hundreds digit of 1544356957?
9
What is the hundred thousands digit of 306741810?
7
What is the ten millions digit of 84309084?
8
What is the hundreds digit of 2229180821?
8
What is the tens digit of 50541490?
9
What is the units digit of 469645?
5
What is the ten thousands digit of 151782549?
8
What is the ten millions digit of 188683429?
8
What is the tens digit of 255366799?
9
What is the millions digit of 166607521?
6
What is the hundred thousands digit of 393249306?
2
What is the ten thousands digit of 85255578?
5
What is the hundred millions digit of 1178667761?
1
What is the tens digit of 1342846058?
5
What is the units digit of 22131756?
6
What is the ten thousands digit of 137229917?
2
What is the hundred millions digit of 5581147887?
5
What is the hundred millions digit of 158793282?
1
What is the ten millions digit of 61975097?
6
What is the thousands digit of 68488027?
8
What is the thousands digit of 54482499?
2
What is the tens digit of 189022066?
6
What is the ten millions digit of 1888539603?
8
What is the ten millions digit of 24841018?
2
What is the tens digit of 1328932351?
5
What is the hundred thousands digit of 34747295?
7
What is the ten millions digit of 38205971?
3
What is the hundred thousands digit of 10965066?
9
What is the millions digit of 9965267?
9
What is the millions digit of 18107518?
8
What is the billions digit of 4545217718?
4
What is the billions digit of 2020577393?
2
What is the hundred thousands digit of 53337150?
3
What is the hundred thousands digit of 478024318?
0
What is the units digit of 779042691?
1
What is the hundred millions digit of 984769656?
9
What is the ten thousands digit of 449411828?
1
What is the tens digit of 96195330?
3
What is the tens digit of 155831831?
3
What is the ten thousands digit of 744797954?
9
What is the millions digit of 31277783?
1
What is the ten thousands digit of 3847238280?
3
What is the hundred thousands digit of 1680486681?
4
What is the millions digit of 947059066?
7
What is the units digit of 1354318072?
2
What is the tens digit of 107740331?
3
What is the hundred millions digit of 1782057369?
7
What is the hundreds digit of 13459528?
5
What is the hundreds digit of 415993072?
0
What is the units digit of 93571935?
5
What is the millions digit of 687035667?
7
What is the millions digit of 701196336?
1
What is the tens digit of 900702906?
0
What is the ten millions digit of 64210383?
6
What is the hundreds digit of 217209593?
5
What is the units digit of 205357513?
3
What is the ten thousands digit of 40347293?
4
What is the ten millions digit of 52091198?
5
What is the thousands digit of 958062134?
2
What is the ten millions digit of 2020642263?
2
What is the ten thousands digit of 30223576?
2
What is the millions digit of 96643443?
6
What is the hundreds digit of 1270323115?
1
What is the hundred thousands digit of 148866481?
8
What is the ten thousands digit of 84675545?
7
What is the hundred thousands digit of 230907916?
9
What is the thousands digit of 76052774?
2
What is the ten millions digit of 1399809479?
9
What is the thousands digit of 1071866273?
6
What is the tens digit of 4401695665?
6
What is the ten millions digit of 176772936?
7
What is the millions digit of 27903940?
7
What is the tens digit of 73555178?
7
What is the ten thousands digit of 1406697542?
9
What is the millions digit of 23715908?
3
What is the millions digit of 11106214?
1
What is the millions digit of 538082025?
8
What is the hundred thousands digit of 2548558427?
5
What is the hundreds digit of 84007625?
6
What is the thousands digit of 211040618?
0
What is the hundred thousands digit of 2601985031?
9
What is the thousands digit of 506407818?
7
What is the thousands digit of 714593175?
3
What is the tens digit of 1183314818?
1
What is the ten millions digit of 88699700?
8
What is the millions digit of 1365179330?
5
What is the ten thousands digit of 223053559?
5
What is the units digit of 858422446?
6
What is the billions digit of 5684387191?
5
What is the units digit of 2780090110?
0
What is the hundreds digit of 57824599?
5
What is the millions digit of 35663817?
5
What is the hundred millions digit of 2013230726?
0
What is the ten millions digit of 136029648?
3
What is the units digit of 5845040836?
6
What is the hundred thousands digit of 382233040?
2
What is the ten thousands digit of 4680573902?
7
What is the ten thousands digit of 157536145?
3
What is the hundred millions digit of 4798355091?
7
What is the tens digit of 5656056467?
6
What is the ten thousands digit of 30463496?
6
What is the millions digit of 1260010580?
0
What is the millions digit of 2692661606?
2
What is the thousands digit of 9972590?
2
What is the hundred thousands digit of 97648665?
6
What is the ten millions digit of 3252595518?
5
What is the millions digit of 2862366440?
2
What is the millions digit of 1186275627?
6
What is the thousands digit of 2568556602?
6
What is the ten thousands digit of 634177487?
7
What is the thousands digit of 1432429731?
9
What is the hundred millions digit of 206361351?
2
What is the hundred thousands digit of 7165087?
1
What is the thousands digit of 925006101?
6
What is the millions digit of 27587951?
7
What is the millions digit of 3432446073?
2
What is the hundred millions digit of 429806521?
4
What is the millions digit of 223322830?
3
What is the tens digit of 103453214?
1
What is the tens digit of 1827667851?
5
What is the ten millions digit of 140147857?
4
What is the thousands digit of 431973657?
3
What is the tens digit of 48974166?
6
What is the units digit of 6520312?
2
What is the ten millions digit of 1251967975?
5
What is the ten millions digit of 1040785883?
4
What is the ten thousands digit of 102299418?
9
What is the tens digit of 303414533?
3
What is the ten thousands digit of 6464264911?
6
What is the hundred millions digit of 176739087?
1
What is the hundred thousands digit of 42103985?
1
What is the hundred thousands digit of 695293238?
2
What is the ten thousands digit of 92453653?
5
What is the thousands digit of 1592828683?
8
What is the millions digit of 27340102?
7
What is the tens digit of 283652156?
5
What is the hundred millions digit of 294857165?
2
What is the ten millions digit of 158598907?
5
What is the units digit of 206758090?
0
What is the hundred thousands digit of 824892457?
8
What is the hundred thousands digit of 76268641?
2
What is the thousands digit of 55926637?
6
What is the units digit of 2232676798?
8
What is the ten millions digit of 101975726?
0
What is the ten millions digit of 439467667?
3
What is the tens digit of 65670709?
0
What is the tens digit of 27527248?
4
What is the hundred millions digit of 418402873?
4
What is the tens digit of 167780890?
9
What is the hundred thousands digit of 142610368?
6
What is the ten millions digit of 137925651?
3
What is the billions digit of 1430933333?
1
What is the ten thousands digit of 1940231327?
3
What is the hundreds digit of 105296369?
3
What is the thousands digit of 5274745724?
5
What is the thousands digit of 831798780?
8
What is the hundreds digit of 58278400?
4
What is the millions digit of 945677307?
5
What is the units digit of 1044387?
7
What is the ten millions digit of 5142073759?
4
What is the hundred millions digit of 8034193189?
0
What is the ten thousands digit of 1143707890?
0
What is the tens digit of 77761615?
1
What is the hundred thousands digit of 3952819?
9
What is the thousands digit of 224809765?
9
What is the hundreds digit of 540485687?
6
What is the hundred thousands digit of 82078